{"id":12,"date":"2022-08-29T09:20:27","date_gmt":"2022-08-29T11:20:27","guid":{"rendered":"http:\/\/212.236.20.45\/?page_id=12"},"modified":"2025-02-18T09:09:04","modified_gmt":"2025-02-18T08:09:04","slug":"abo","status":"publish","type":"page","link":"http:\/\/www.deroesterreichischefriseur.at\/?page_id=12","title":{"rendered":"Abo"},"content":{"rendered":"\t\t<div data-elementor-type=\"wp-page\" data-elementor-id=\"12\" class=\"elementor elementor-12\" data-elementor-post-type=\"page\">\n\t\t\t\t\t\t<section class=\"elementor-section elementor-top-section elementor-element elementor-element-77460d2 elementor-section-boxed elementor-section-height-default elementor-section-height-default\" data-id=\"77460d2\" data-element_type=\"section\" data-e-type=\"section\">\n\t\t\t\t\t\t<div class=\"elementor-container elementor-column-gap-default\">\n\t\t\t\t\t<div class=\"elementor-column elementor-col-50 elementor-top-column elementor-element elementor-element-2815eb1\" data-id=\"2815eb1\" data-element_type=\"column\" data-e-type=\"column\">\n\t\t\t<div class=\"elementor-widget-wrap elementor-element-populated\">\n\t\t\t\t\t\t<div class=\"elementor-element elementor-element-5978fe9 elementor-widget elementor-widget-image\" data-id=\"5978fe9\" data-element_type=\"widget\" data-e-type=\"widget\" data-widget_type=\"image.default\">\n\t\t\t\t<div class=\"elementor-widget-container\">\n\t\t\t\t\t\t\t\t\t\t\t\t\t\t\t<img decoding=\"async\" src=\"http:\/\/www.deroesterreichischefriseur.at\/wp-content\/plugins\/elementor\/assets\/images\/placeholder.png\" title=\"\" alt=\"\" loading=\"lazy\" \/>\t\t\t\t\t\t\t\t\t\t\t\t\t\t\t<\/div>\n\t\t\t\t<\/div>\n\t\t\t\t\t<\/div>\n\t\t<\/div>\n\t\t\t\t<div class=\"elementor-column elementor-col-50 elementor-top-column elementor-element elementor-element-c975466\" data-id=\"c975466\" data-element_type=\"column\" data-e-type=\"column\">\n\t\t\t<div class=\"elementor-widget-wrap elementor-element-populated\">\n\t\t\t\t\t\t<div class=\"elementor-element elementor-element-52f4a2e elementor-widget elementor-widget-text-editor\" data-id=\"52f4a2e\" data-element_type=\"widget\" data-e-type=\"widget\" data-widget_type=\"text-editor.default\">\n\t\t\t\t<div class=\"elementor-widget-container\">\n\t\t\t\t\t\t\t\t\t<p><strong>Der \u00f6sterreichische Friseur<br \/><\/strong>erscheint 10 mal im Jahr<\/p><p><strong>Abo-Preise:<\/strong><\/p><p>Inland \u20ac 49,\u2013 \/Jahr*<br \/>Ausland \u20ac 56,\u2013 \/ Jahr*<\/p><p>*exclusive MwSt.<\/p><p>Der \u00d6sterreichische Friseur ist als \u00e4lteste Friseurzeitschrift \u00d6sterreichs bereits seit 1907\u00a0 auf geballte Information f\u00fcr Friseurunternehmer rund um den Friseurberuf mit dem Fokus auf Frisuren, Events, Aus- und Weiterbildung,\u00a0 aktuelle Firmennews, wichtige Fachtermine, Tricks und Tipps der Profis, Interviews, Artikeln und Kommentare der Branche vom Neusiedlersee bis zum Bodensee spezialisiert.<\/p>\t\t\t\t\t\t\t\t<\/div>\n\t\t\t\t<\/div>\n\t\t\t\t\t<\/div>\n\t\t<\/div>\n\t\t\t\t\t<\/div>\n\t\t<\/section>\n\t\t\t\t<\/div>\n\t\t","protected":false},"excerpt":{"rendered":"<p>Der \u00f6sterreichische Friseurerscheint 10 mal im Jahr Abo-Preise: Inland \u20ac 49,\u2013 \/Jahr*Ausland \u20ac 56,\u2013 \/ Jahr* *exclusive MwSt. Der \u00d6sterreichische Friseur ist als \u00e4lteste Friseurzeitschrift \u00d6sterreichs bereits seit 1907\u00a0 auf geballte Information f\u00fcr Friseurunternehmer rund um den Friseurberuf mit dem Fokus auf Frisuren, Events, Aus- und Weiterbildung,\u00a0 aktuelle Firmennews, wichtige Fachtermine, Tricks und Tipps der Profis, Interviews, Artikeln und Kommentare der Branche vom Neusiedlersee bis zum Bodensee spezialisiert.<\/p>\n","protected":false},"author":2,"featured_media":0,"parent":0,"menu_order":0,"comment_status":"closed","ping_status":"closed","template":"","meta":{"footnotes":""},"class_list":["post-12","page","type-page","status-publish","hentry"],"_links":{"self":[{"href":"http:\/\/www.deroesterreichischefriseur.at\/index.php?rest_route=\/wp\/v2\/pages\/12","targetHints":{"allow":["GET"]}}],"collection":[{"href":"http:\/\/www.deroesterreichischefriseur.at\/index.php?rest_route=\/wp\/v2\/pages"}],"about":[{"href":"http:\/\/www.deroesterreichischefriseur.at\/index.php?rest_route=\/wp\/v2\/types\/page"}],"author":[{"embeddable":true,"href":"http:\/\/www.deroesterreichischefriseur.at\/index.php?rest_route=\/wp\/v2\/users\/2"}],"replies":[{"embeddable":true,"href":"http:\/\/www.deroesterreichischefriseur.at\/index.php?rest_route=%2Fwp%2Fv2%2Fcomments&post=12"}],"version-history":[{"count":7,"href":"http:\/\/www.deroesterreichischefriseur.at\/index.php?rest_route=\/wp\/v2\/pages\/12\/revisions"}],"predecessor-version":[{"id":2132,"href":"http:\/\/www.deroesterreichischefriseur.at\/index.php?rest_route=\/wp\/v2\/pages\/12\/revisions\/2132"}],"wp:attachment":[{"href":"http:\/\/www.deroesterreichischefriseur.at\/index.php?rest_route=%2Fwp%2Fv2%2Fmedia&parent=12"}],"curies":[{"name":"wp","href":"https:\/\/api.w.org\/{rel}","templated":true}]}}

<div data-elementor-type="wp-page" data-elementor-id="12" class="elementor elementor-12" data-elementor-post-type="page">
						<section class="elementor-section elementor-top-section elementor-element elementor-element-77460d2 elementor-section-boxed elementor-section-height-default elementor-section-height-default" data-id="77460d2" data-element_type="section" data-e-type="section">
						<div class="elementor-container elementor-column-gap-default">
					<div class="elementor-column elementor-col-50 elementor-top-column elementor-element elementor-element-2815eb1" data-id="2815eb1" data-element_type="column" data-e-type="column">
			<div class="elementor-widget-wrap elementor-element-populated">
						<div class="elementor-element elementor-element-5978fe9 elementor-widget elementor-widget-image" data-id="5978fe9" data-element_type="widget" data-e-type="widget" data-widget_type="image.default">
				<div class="elementor-widget-container">
															<img decoding="async" src="http://www.deroesterreichischefriseur.at/wp-content/plugins/elementor/assets/images/placeholder.png" title="" alt="" loading="lazy" />															</div>
				</div>
					</div>
		</div>
				<div class="elementor-column elementor-col-50 elementor-top-column elementor-element elementor-element-c975466" data-id="c975466" data-element_type="column" data-e-type="column">
			<div class="elementor-widget-wrap elementor-element-populated">
						<div class="elementor-element elementor-element-52f4a2e elementor-widget elementor-widget-text-editor" data-id="52f4a2e" data-element_type="widget" data-e-type="widget" data-widget_type="text-editor.default">
				<div class="elementor-widget-container">
									<p><strong>Der österreichische Friseur<br /></strong>erscheint 10 mal im Jahr</p><p><strong>Abo-Preise:</strong></p><p>Inland € 49,– /Jahr*<br />Ausland € 56,– / Jahr*</p><p>*exclusive MwSt.</p><p>Der Österreichische Friseur ist als älteste Friseurzeitschrift Österreichs bereits seit 1907  auf geballte Information für Friseurunternehmer rund um den Friseurberuf mit dem Fokus auf Frisuren, Events, Aus- und Weiterbildung,  aktuelle Firmennews, wichtige Fachtermine, Tricks und Tipps der Profis, Interviews, Artikeln und Kommentare der Branche vom Neusiedlersee bis zum Bodensee spezialisiert.</p>								</div>
				</div>
					</div>
		</div>
					</div>
		</section>
				</div>

<p>Der österreichische Friseurerscheint 10 mal im Jahr Abo-Preise: Inland € 49,– /Jahr*Ausland € 56,– / Jahr* *exclusive MwSt. Der Österreichische Friseur ist als älteste Friseurzeitschrift Österreichs bereits seit 1907  auf geballte Information für Friseurunternehmer rund um den Friseurberuf mit dem Fokus auf Frisuren, Events, Aus- und Weiterbildung,  aktuelle Firmennews, wichtige Fachtermine, Tricks und Tipps der Profis, Interviews, Artikeln und Kommentare der Branche vom Neusiedlersee bis zum Bodensee spezialisiert.</p>
